{"id":1392,"date":"2025-12-08T19:45:44","date_gmt":"2025-12-08T19:45:44","guid":{"rendered":"http:\/\/hoeymansrekenen.nl\/?post_type=product&#038;p=1392"},"modified":"2025-12-08T20:05:43","modified_gmt":"2025-12-08T20:05:43","slug":"mijn-strategieschrift-rekenen","status":"publish","type":"product","link":"https:\/\/hoeymansrekenen.nl\/?product=mijn-strategieschrift-rekenen","title":{"rendered":"Mijn Strategieschrift Rekenen"},"content":{"rendered":"<p data-start=\"296\" data-end=\"369\"><strong data-start=\"296\" data-end=\"369\">Voor elke leerling. Voor elke strategie. Voor \u00e9cht eigen rekenkennis<em>.<\/em><\/strong><\/p>\n<p data-start=\"371\" data-end=\"723\">Ik heb <strong><em>Mijn Strategieschrift Rekenen<\/em><\/strong> ontwikkeld samen met Jessica van der Straaten. Het is ontwikkeld om leerlingen houvast, structuur en eigenaarschap te geven in het rekenonderwijs. Ik geloof sterk in de kracht van <strong><em>eigen aantekeningen<\/em><\/strong>, <strong><em>eigen voorbeelden<\/em><\/strong> en<strong> <em>eigen denkstappen<\/em><\/strong>.<br data-start=\"603\" data-end=\"606\" \/>Door strategie\u00ebn niet alleen te horen, maar z\u00e9lf te noteren, te tekenen en te verwoorden, worden ze pas \u00e9cht <em data-start=\"715\" data-end=\"722\">eigen<\/em>.<\/p>\n<p data-start=\"725\" data-end=\"1240\">Tijdens de les schrijven leerlingen hun stappen uit, cre\u00ebren ze een passend beeld of voorbeeldsom en bouwen zo aan hun persoonlijke rekengereedschap. Dit kan al n.a.v. de instructie of het dient als afronding van de les waarin een nieuwe strategie aangeboden is.\u00a0 Optioneel kunnen in de verlengde instructiegroep de stappen <em><strong>samen<\/strong> <\/em>ingevuld worden, zodat ook deze leerlingen grip krijgen op de strategie.<\/p>\n<h3 data-start=\"1242\" data-end=\"1287\">Wat maakt het Strategieschrift bijzonder?<\/h3>\n<p data-start=\"1288\" data-end=\"1640\">Het schrift bevat een mix van <strong data-start=\"1318\" data-end=\"1343\"><em>voorbedrukte pagina\u2019s<\/em><\/strong> voor belangrijke rekenthema\u2019s \u00e9n <strong><em>lege pagina\u2019s<\/em><\/strong> die ruimte geven om het schrift op een manier te gebruiken die past bij de klas, de methode of de leerling. Het is daarmee ideaal voor alle leerlingen.<\/p>\n<p data-start=\"1642\" data-end=\"1780\">Leerlingen verwerken elke strategie stap voor stap \u00e9n kunnen deze later eenvoudig terugzoeken. Zo maken ze zich de strategie\u00ebn echt eigen.<\/p>\n<h3 data-start=\"1782\" data-end=\"1830\">In het Strategieschrift vind je ruimte voor:<\/h3>\n<ul data-start=\"1831\" data-end=\"2023\">\n<li data-start=\"1831\" data-end=\"1866\">\n<p data-start=\"1833\" data-end=\"1866\">De belangrijkste sommen tot 100<\/p>\n<\/li>\n<li data-start=\"1867\" data-end=\"1890\">\n<p data-start=\"1869\" data-end=\"1890\">Het metriek stelsel<\/p>\n<\/li>\n<li data-start=\"1891\" data-end=\"1912\">\n<p data-start=\"1893\" data-end=\"1912\">Rekenwoordenschat<\/p>\n<\/li>\n<li data-start=\"1913\" data-end=\"1932\">\n<p data-start=\"1915\" data-end=\"1932\">Referentiematen<\/p>\n<\/li>\n<li data-start=\"1933\" data-end=\"1947\">\n<p data-start=\"1935\" data-end=\"1947\">Klokkijken<\/p>\n<\/li>\n<li data-start=\"1948\" data-end=\"2023\">\n<p data-start=\"1950\" data-end=\"2023\">En natuurlijk: eigen aantekeningen, schema\u2019s, tekeningen en voorbeelden<\/p>\n<\/li>\n<\/ul>\n<p>&nbsp;<\/p>\n<h3 data-start=\"2025\" data-end=\"2059\">Hoe werkt het voor leerlingen?<\/h3>\n<ul data-start=\"2060\" data-end=\"2331\">\n<li data-start=\"2060\" data-end=\"2123\">\n<p data-start=\"2062\" data-end=\"2123\">Schrijf de stappen van de strategie in je <em><strong data-start=\"2104\" data-end=\"2121\">eigen woorden<\/strong><\/em><\/p>\n<\/li>\n<li data-start=\"2124\" data-end=\"2173\">\n<p data-start=\"2126\" data-end=\"2173\">Maak een <em><strong>passend voorbeeld<\/strong><\/em> of <em><strong>(reken)tekening<\/strong><\/em><\/p>\n<\/li>\n<li data-start=\"2174\" data-end=\"2225\">\n<p data-start=\"2176\" data-end=\"2225\">Zoek tijdens de les op hoe het ook alweer werkt<\/p>\n<\/li>\n<li data-start=\"2226\" data-end=\"2279\">\n<p data-start=\"2228\" data-end=\"2279\">Werk met klok, metriek stelsel en referentiematen<\/p>\n<\/li>\n<li data-start=\"2280\" data-end=\"2331\">\n<p data-start=\"2282\" data-end=\"2331\"><em><strong>Personaliseer<\/strong><\/em>: kleur, markeer, maak het van jou<\/p>\n<\/li>\n<\/ul>\n<p>&nbsp;<\/p>\n<h3 data-start=\"2333\" data-end=\"2375\">Voor alle leerlingen van groep 3 t\/m 8<\/h3>\n<p data-start=\"2376\" data-end=\"2597\">Bestel het Strategieschrift voor alle leerlingen, zodat elke leerling een persoonlijk naslagwerk opbouwt dat ze meenemen naar het volgende leerjaar. Zo ontstaat een doorlopende lijn in strategiekennis.<\/p>\n<h3 data-start=\"2599\" data-end=\"2633\">Handleiding voor de leerkracht<\/h3>\n<p data-start=\"2634\" data-end=\"2766\">Op <strong data-start=\"2637\" data-end=\"2660\">eduforcedigitaal.nl<\/strong> staat een uitgebreide handleiding met inspirerende voorbeelden en suggesties voor het gebruik in de klas.<\/p>\n<blockquote><p><em><strong>Benieuwd naar de inhoud? <a href=\"https:\/\/hoeymansrekenen.nl\/wp-content\/uploads\/2025\/12\/Eduforce_mijn_strategieschrift_rekenen_voorbeeldpaginas.pdf\" target=\"_blank\" rel=\"noopener\">Zie dan hier enkele voorbeeldpagina&#8217;s.<\/a><\/strong><\/em><\/p><\/blockquote>\n","protected":false},"excerpt":{"rendered":"<p>Dit schrift is voor het <strong><em>verwerken<\/em><\/strong>, <strong><em>opzoeken<\/em> <\/strong>en <em><strong>onthouden<\/strong> <\/em>van <em><strong>rekenstrategie\u00ebn<\/strong><\/em>. Leerlingen onthouden rekenstrategie\u00ebn beter als ze er zelf een <em><strong>stappenplan<\/strong> <\/em>en <strong><em>beeld<\/em> <\/strong>bij maken. In dit schrift verwerken leerlingen stapsgewijs de rekenstrategie\u00ebn.<\/p>\n","protected":false},"featured_media":1394,"comment_status":"open","ping_status":"closed","template":"","meta":{"saved_in_kubio":false},"product_brand":[],"product_cat":[21],"product_tag":[],"class_list":{"0":"post-1392","1":"product","2":"type-product","3":"status-publish","4":"has-post-thumbnail","6":"product_cat-onderwijs","8":"first","9":"instock","10":"taxable","11":"shipping-taxable","12":"product-type-external"},"_links":{"self":[{"href":"https:\/\/hoeymansrekenen.nl\/index.php?rest_route=\/wp\/v2\/product\/1392","targetHints":{"allow":["GET"]}}],"collection":[{"href":"https:\/\/hoeymansrekenen.nl\/index.php?rest_route=\/wp\/v2\/product"}],"about":[{"href":"https:\/\/hoeymansrekenen.nl\/index.php?rest_route=\/wp\/v2\/types\/product"}],"replies":[{"embeddable":true,"href":"https:\/\/hoeymansrekenen.nl\/index.php?rest_route=%2Fwp%2Fv2%2Fcomments&post=1392"}],"wp:featuredmedia":[{"embeddable":true,"href":"https:\/\/hoeymansrekenen.nl\/index.php?rest_route=\/wp\/v2\/media\/1394"}],"wp:attachment":[{"href":"https:\/\/hoeymansrekenen.nl\/index.php?rest_route=%2Fwp%2Fv2%2Fmedia&parent=1392"}],"wp:term":[{"taxonomy":"product_brand","embeddable":true,"href":"https:\/\/hoeymansrekenen.nl\/index.php?rest_route=%2Fwp%2Fv2%2Fproduct_brand&post=1392"},{"taxonomy":"product_cat","embeddable":true,"href":"https:\/\/hoeymansrekenen.nl\/index.php?rest_route=%2Fwp%2Fv2%2Fproduct_cat&post=1392"},{"taxonomy":"product_tag","embeddable":true,"href":"https:\/\/hoeymansrekenen.nl\/index.php?rest_route=%2Fwp%2Fv2%2Fproduct_tag&post=1392"}],"curies":[{"name":"wp","href":"https:\/\/api.w.org\/{rel}","templated":true}]}}